*i - 63. Give t(-39).
-999
Let l(d) = 240*d - 6467. Calculate l(27).
13
Let o(v) = -4*v**2 + 319*v - 1425. Calculate o(75).
0
Let g(d) = -45*d + 922. Give g(21).
-23
Let c(a) = a**3 + 18*a**2 - 19*a - 293. Determine c(-18).
49
Let y(o) = -133*o - 2144. Give y(-16).
-16
Let b(j) = -j**3 - j**2 + 41*j + 26. Give b(-9).
305
Let z(o) = -22*o**2 + 240*o + 30. Determine z(11).
8
Let h(l) = 16*l + 525. Calculate h(-32).
13
Let x(q) = -7*q**3 + 2*q**2. What is x(3)?
-171
Let a(v) = -2330*v - 34954. Determine a(-15).
-4
Let o(a) = 441*a - 2248. What is o(6)?
398
Let i(h) = -2*h**3 + 2*h**2 - 5*h + 3. What is i(0)?
3
Let z(x) = x**2 + 105*x + 1667. Determine z(-31).
-627
Let i(t) = -t**3 - 8*t**2 - 3*t + 10. What is i(-6)?
-44
Let d(k) = 905*k + 3569. Calculate d(-4).
-51
Let h(q) = q**2 + 25*q - 94. What is h(5)?
56
Let p(k) = k**3 - 139*k**2 + 402*k + 814. Calculate p(136).
-2
Let v(g) = -g**3 - 25*g**2 - 12*g - 283. Give v(-25).
17
Let n(c) = c**2 - 52*c + 117. What is n(39)?
-390
Let c(w) = 2*w**2 - 3674*w - 5. Determine c(0).
-5
Let i(f) = -f**3 - 16*f**2 - 50*f - 1130. Give i(-17).
9
Let p(a) = -68*a - 3038. Calculate p(-34).
-726
Let z(m) = -m**3 + 39*m**2 + 273*m - 162. Calculate z(45).
-27
Let y(g) = 47*g**2 + 124*g - 3996. Calculate y(8).
4
Let w(m) = 152*m - 4090. Give w(27).
14
Let t(y) = -3851*y - 7696. Determine t(-2).
6
Let i(d) = -26*d**2 + 1034*d + 244. What is i(40)?
4
Let q(j) = -j**3 - 66*j**2 + 67*j + 11. Determine q(-67).
11
Let v(b) = 2*b**3 - 21*b**2 + 63*b - 55. What is v(4)?
-11
Let v(y) = -22*y**2 + 98*y - 192. Calculate v(2).
-84
Let d(f) = 5*f**2 + 142*f - 91. What is d(-29)?
-4
Let v(w) = -w**3 + 65*w**2 + 135*w + 2. Give v(67).
69
Let b(i) = -27*i + 2132. Determine b(79).
-1
Let o(p) = p**2 - 2705*p + 16196. Determine o(6).
2
Let l(j) = -j**2 - 26*j + 102. Calculate l(-31).
-53
Let r(d) = 5*d**3 + 6*d**2 - 28*d - 91. Determine r(-3).
-88
Let g(h) = -176*h - 258. What is g(-2)?
94
Let t(s) = 4*s**3 + 260*s**2 - 527*s + 602. What is t(-67)?
-1
Let v(d) = d**2 + 109*d + 1474. Calculate v(-93).
-14
Let r(x) = 3*x**3 - 4*x**2 - 4*x + 7. Determine r(-3).
-98
Let f(x) = x**2 + 2*x - 81. What is f(9)?
18
Let m(h) = -4*h**2 - 92*h + 4. Give m(-22).
92
Let f(y) = -y**3 - 38*y**2 + 27*y - 470. Give f(-39).
-2
Let t(q) = 86*q**2 - 242*q - 11. Determine t(3).
37
Let v(z) = -z**3 + 208*z**2 - 2164*z - 596. Calculate v(197).
-5
Let i(s) = s**2 + 39*s - 790. Determine i(-54).
20
Let s(o) = -117*o + 315. Calculate s(4).
-153
Let h(p) = -p**2 + 84*p - 1235. Give h(18).
-47
Let l(j) = 3*j**2 + 796*j - 4067. Calculate l(5).
-12
Let a(c) = 197*c + 967. Determine a(-5).
-18
Let y(n) = n - 1. What is y(2)?
1
Let t(k) = -6*k**2 - 39*k + 233. Calculate t(4).
-19
Let l(k) = -k**2 + 1534*k + 9248. Calculate l(-6).
8
Let z(o) = -o**2 + 12*o - 34. Calculate z(7).
1
Let u(f) = 19*f - 71. Determine u(9).
100
Let b(g) = 30*g**2 + 70*g - 118. What is b(2)?
142
Let y(t) = t**3 - 228*t**2 - 6*t + 1370. Give y(228).
2
Let n(f) = -12734*f - 63672. Give n(-5).
-2
Let j(n) = -2*n**3 + 13*n**2 + 28*n + 1. What is j(10)?
-419
Let y(q) = q**2 - 22*q - 468. What is y(-13)?
-13
Let j(i) = 11*i**2 - 6*i + 3. Give j(0).
3
Let p(k) = 242*k - 490. Determine p(2).
-6
Let w(v) = v**3 + 17*v**2 + 16*v - 211. Give w(-15).
-1
Let w(i) = 27*i**3 + 7*i**2 - 52*i + 90. What is w(2)?
230
Let h(g) = 108*g - 1283. What is h(12)?
13
Let w(s) = 28*s**2 - 25*s - 83. What is w(-4)?
465
Let c(w) = 1641*w - 11478. What is c(7)?
9
Let a(t) = -t**3 + 8*t**2 + 62*t - 152. Give a(12).
16
Let j(x) = x**3 - 15*x**2 - 309*x + 185. Determine j(-12).
5
Let h(v) = v**3 - 6*v**2. Calculate h(6).
0
Let y(z) = -17*z + 193. Calculate y(11).
6
Let a(z) = -z**2 - 24*z - 100. Give a(-14).
40
Let q(r) = -5*r**3 - 11*r**2 - 12*r - 2. Determine q(-3).
70
Let b(u) = -7*u - 126. Calculate b(-1).
-119
Let h(t) = t**3 - 18*t**2 + 25*t - 37. Calculate h(18).
413
Let d(x) = -20*x + 1460. Determine d(71).
40
Let r(a) = -19*a - 93. Calculate r(-5).
2
Let z(w) = -w**2 + 28*w - 194. Determine z(12).
-2
Let y(x) = 268*x**2 - 5624*x - 29. Give y(21).
55
Let t(p) = 91*p - 1487. Give t(16).
-31
Let h(s) = 6*s**2 - 294*s + 361. Calculate h(48).
73
Let l(p) = 4*p**2 - 111*p + 233. Calculate l(25).
-42
Let f(g) = -7*g**2 - 53*g + 175. Give f(3).
-47
Let n(d) = -25*d - 1745. Determine n(-63).
-170
Let a(o) = -o**3 - 42*o**2 - 14*o - 935. Determine a(-42).
-347
Let h(w) = 10156*w - 40621. Calculate h(4).
3
Let s(u) = -u**3 - 8*u**2 + u - 20. Calculate s(-8).
-28
Let a(q) = -72*q - 299. Determine a(-4).
-11
Let t(r) = r**2 + 164*r + 4497. Calculate t(-34).
77
Let m(c) = -22*c**2 - 85*c + 28. Calculate m(-4).
16
Let l(y) = 14*y - 168. Calculate l(35).
322
Let h(u) = -2*u**3 - 9*u**2 - 455*u - 2696. What is h(-6)?
142
Let b(v) = 6*v - 5. What is b(-15)?
-95
Let w(m) = m**3 + 2*m**2 - 33*m + 6. Give w(6).
96
Let p(b) = 91*b - 649. Give p(10).
261
Let q(l) = -78*l + 51. Give q(2).
-105
Let y(c) = c**2 + 2*c - 27. Determine y(4).
-3
Let r(y) = 61*y - 1768. Determine r(29).
1
Let h(f) = -631*f + 5674. What is h(9)?
-5
Let l(n) = n**3 - 56*n**2 - 7*n - 95. What is l(56)?
-487
Let t(u) = -4*u**2 + 30*u - 12. Give t(7).
2
Let x(u) = 537*u - 396. Give x(1).
141
Let f(z) = 16*z + 379. What is f(-24)?
-5
Let v(n) = -n**3 - 3*n**2 + 6*n - 8. Determine v(-4).
-16
Let p(t) = 164*t**2 + 777*t + 4. What is p(-5)?
219
Let n(c) = 2*c**3 - 96*c**2 - 201*c + 20. What is n(50)?
-30
Let g(t) = -t**3 - 89*t**2 + 83*t - 611. What is g(-90)?
19
Let o(u) = 4*u**2 + 7*u + 224. Determine o(12).
884
Let a(r) = -9*r - 44. Give a(-5).
1
Let d(u) = -u**3 - 2*u**2 + 5*u - 1. Determine d(2).
-7
Let x(k) = -2*k**2 - 14*k - 31. Calculate x(-7).
-31
Let l(d) = 2218*d + 2205. Calculate l(-1).
-13
Let v(i) = 9*i**2 - 56*i + 5. Calculate v(6).
-7
Let h(f) = -f**3 - 4*f**2 + 25*f - 15. What is h(4)?
-43
Let x(a) = a**3 - 12*a**2 + 31*a + 64. Give x(5).
44
Let f(d) = d**3 - 9*d**2 - 12*d - 2. Determine f(12).
286
Let s(t) = -2*t**2 + 40*t + 285. Determine s(26).
-27
Let m(z) = -2*z**3 - 222*z**2 - 220*z - 7. What is m(-110)?
-7
Let n(z) = z**3 - 3*z**2 - z - 194. Determine n(7).
-5
Let f(d) = -4*d**3 + 63*d**2 + 19*d - 5. Calculate f(16).
43
Let s(a) = 11*a**2 + 97*a + 66. What is s(-8)?
-6
Let j(u) = u**2 - 61*u - 2661. Give j(90).
-51
Let p(y) = y**2 - 37*y + 245. Give p(25).
-55
Let p(t) = -4*t + 9. Calculate p(-17).
77
Let p(o) = -o**3 - 31*o**2 - 159*o - 4. Determine p(-7).
-67
Let g(o) = -1157*o - 150405. What is g(-130)?
5
Let p(s) = -6*s**2 + 249*s + 380. Calculate p(42).
254
Let r(t) = 152*t + 1496. Give r(-10).
-24
Let f(l) = 3*l**2 + 42*l + 111. What is f(-14)?
111
Let l(s) = 234*s - 1106. Calculate l(5).
64
Let l(t) = t**2 - 22*t - 33. Determine l(10).
-153
Let a(s) = -s**2 + 5*s + 278. Give a(-16).
-58
Let w(b) = -b**3 - 4*b**2 + 49*b - 93. Calculate w(-10).
17
Let k(n) = n**2 + 2414*n + 7. Give k(0).
7
Let w(i) = i**2 + 48*i + 272. What is w(-37)?
-135
Let q(h) = -h**3 - 35*h**2 - 282*h + 181. Calculate q(-14).
13
Let u(x) = 114*x - 3526. Determine u(30).
-106
Let a(r) = -411*r + 8637. Calculate a(21).
6
Let k(y) = 414*y + 2077. What is k(-5)?
7
Let i(c) = -99*c**2 + 2*c - 3. Determine i(-1).
-104
Let a(s) = s**2 + 178*s + 5047. What is a(-37)?
-170
Let y(k) = 25*k**2 - 38*k + 79. What is y(2)?
103
Let c(u) = 35*u**3 + 349*u**2 - 12*u - 9. Determine c(-10).
11
Let u(r) = -2*r**3 + 7*r**2 + 5*r - 29. What is u(5)?
-79
Let l(w) = -w**3 + w**2 - 2*w - 179. Determine l(0).
-179
Let x(g) = -37*g + 343. Calculate x(9).
10
Let h(v) = 137*v - 691. Give h(5).
-6
Let g(v) = 9*v - 315. Determine g(34).
-9
Let x(g) = -4*g**2 - 592*g + 17304. Give x(25).
4
Let j(l) = 1552*l - 18651. What is j(12)?
-27
Let w(p) = 3*p**2 + 40*p + 228. Calculate w(-14).
256
Let i(b) = b**3 + 23*b**2 + 55*b + 216. What is i(-19)?
615
Let g(r) = 199*r**2 + 3*r - 5. What is g(1)?
197
Let d(h) = -h**2 - h - 84. What is d(0)?
-84
Let c(l) = 7*l + 473. Determine c(48).
809
Let w(y) = -y**3 - 9*y**2 + 8*y - 20. Give w(-10).
0
Let h(b) = 170*b**2 + 1185*b - 32. Calculate h(-7).
3
Let o(q) = -q**3 + 15*q**2 + 207*q - 2485. What is o(19)?
4
Let z(c) = -10355*c + 62124. Give z(6).
-6
Let n(h) = 291*h - 1154. Calculate n(4).
10
Let s(p) = -p**3 - 15*p**2 - 27*p - 12. Give s(-13).
1
Let k(z) = 